millions digit of 2503259429?
5
What is the hundreds digit of 652801636?
6
What is the tens digit of 44007401?
0
What is the units digit of 23964264?
4
What is the tens digit of 96650871?
7
What is the hundred thousands digit of 444638798?
6
What is the hundreds digit of 1830361304?
3
What is the ten millions digit of 181902045?
8
What is the ten thousands digit of 508944?
0
What is the ten thousands digit of 18316675?
1
What is the ten millions digit of 1372073954?
7
What is the hundred thousands digit of 78054904?
0
What is the hundred thousands digit of 4222422207?
4
What is the hundred millions digit of 178642277?
1
What is the ten thousands digit of 776557532?
5
What is the ten millions digit of 41907123?
4
What is the ten millions digit of 75366390?
7
What is the units digit of 68738993?
3
What is the tens digit of 374588683?
8
What is the tens digit of 2552423390?
9
What is the hundreds digit of 68686667?
6
What is the hundred thousands digit of 31785429?
7
What is the tens digit of 1588829087?
8
What is the hundred thousands digit of 6390273150?
2
What is the millions digit of 2462946113?
2
What is the thousands digit of 846097312?
7
What is the ten millions digit of 57482903?
5
What is the hundreds digit of 43909?
9
What is the millions digit of 6694460?
6
What is the hundred millions digit of 6363398378?
3
What is the hundreds digit of 183240673?
6
What is the tens digit of 15863727?
2
What is the hundred thousands digit of 16963321?
9
What is the thousands digit of 961882701?
2
What is the tens digit of 2066287122?
2
What is the hundred thousands digit of 23733307?
7
What is the millions digit of 154114642?
4
What is the hundreds digit of 466907189?
1
What is the hundred millions digit of 261942340?
2
What is the hundreds digit of 37661686?
6
What is the millions digit of 575345684?
5
What is the units digit of 165214871?
1
What is the ten thousands digit of 139678649?
7
What is the millions digit of 20407340?
0
What is the hundreds digit of 3109199786?
7
What is the tens digit of 1156634025?
2
What is the thousands digit of 5826962971?
2
What is the millions digit of 308692594?
8
What is the ten thousands digit of 12898710?
9
What is the hundred thousands digit of 427858261?
8
What is the units digit of 68610945?
5
What is the tens digit of 9059330486?
8
What is the ten millions digit of 2379083547?
7
What is the tens digit of 49178275?
7
What is the ten millions digit of 804710389?
0
What is the ten thousands digit of 556887192?
8
What is the hundred millions digit of 144751736?
1
What is the millions digit of 98020047?
8
What is the ten thousands digit of 117508056?
0
What is the millions digit of 325769555?
5
What is the millions digit of 2196696603?
6
What is the billions digit of 1461015506?
1
What is the units digit of 552001951?
1
What is the units digit of 6668811536?
6
What is the hundred thousands digit of 334070809?
0
What is the tens digit of 96938885?
8
What is the millions digit of 1905293684?
5
What is the thousands digit of 49540754?
0
What is the tens digit of 17891214?
1
What is the millions digit of 4848776?
4
What is the hundred millions digit of 574684065?
5
What is the units digit of 284130554?
4
What is the thousands digit of 184366353?
6
What is the millions digit of 251318785?
1
What is the units digit of 423228136?
6
What is the tens digit of 57615853?
5
What is the units digit of 258054845?
5
What is the ten thousands digit of 40388663?
8
What is the hundred millions digit of 345009933?
3
What is the ten thousands digit of 1338807507?
0
What is the millions digit of 849351123?
9
What is the units digit of 1983913366?
6
What is the hundred millions digit of 212890237?
2
What is the ten millions digit of 5027312406?
2
What is the hundred thousands digit of 7440411522?
4
What is the ten millions digit of 93921399?
9
What is the thousands digit of 37720809?
0
What is the ten millions digit of 16917108?
1
What is the thousands digit of 1969415?
9
What is the hundred thousands digit of 98645865?
6
What is the ten millions digit of 36124372?
3
What is the ten thousands digit of 9680670?
8
What is the hundred thousands digit of 97034539?
0
What is the tens digit of 1245300212?
1
What is the tens digit of 11400722?
2
What is the hundred millions digit of 261084079?
2
What is the hundred thousands digit of 378643140?
6
What is the thousands digit of 1513068652?
8
What is the hundred thousands digit of 144803709?
8
What is the units digit of 480907204?
4
What is the ten millions digit of 2355669434?
5
What is the thousands digit of 253682811?
2
What is the hundred thousands digit of 4481476526?
4
What is the units digit of 74004900?
0
What is the units digit of 218851455?
5
What is the millions digit of 1353372226?
3
What is the thousands digit of 58465715?
5
What is the thousands digit of 28343378?
3
What is the tens digit of 273543584?
8
What is the hundreds digit of 1068160887?
8
What is the billions digit of 2120237294?
2
What is the tens digit of 470866734?
3
What is the millions digit of 524320654?
4
What is the millions digit of 4467019?
4
What is the hundreds digit of 712668930?
9
What is the units digit of 4374382?
2
What is the thousands digit of 73664278?
4
What is the thousands digit of 501219722?
9
What is the tens digit of 86708219?
1
What is the thousands digit of 160471039?
1
What is the ten millions digit of 29926199?
2
What is the hundred thousands digit of 1809384406?
3
What is the hundreds digit of 1401346?
3
What is the ten thousands digit of 3859836325?
3
What is the hundred thousands digit of 1576350697?
3
What is the hundred millions digit of 1046621411?
0
What is the thousands digit of 139534992?
4
What is the thousands digit of 4367544370?
4
What is the ten millions digit of 13431813?
1
What is the millions digit of 96229706?
6
What is the millions digit of 158079424?
8
What is the tens digit of 571527923?
2
What is the thousands digit of 126543684?
3
What is the ten millions digit of 25882973?
2
What is the millions digit of 51967747?
1
What is the tens digit of 937807343?
4
What is the ten millions digit of 12518032?
1
What is the tens digit of 973115942?
4
What is the hundreds digit of 40190412?
4
What is the tens digit of 964794967?
6
What is the millions digit of 332378663?
2
What is the ten millions digit of 288184486?
8
What is the units digit of 37530322?
2
What is the units digit of 711485632?
2
What is the tens digit of 708026249?
4
What is the ten millions digit of 221372930?
2
What is the hundred thousands digit of 67436831?
4
What is the ten thousands digit of 1747498054?
9
What is the tens digit of 308767038?
3
What is the tens digit of 676224933?
3
What is the ten thousands digit of 762797900?
9
What is the hundreds digit of 80335190?
1
What is the tens digit of 205590980?
8
What is the units digit of 67928795?
5
What is the hundred millions digit of 163192860?
1
What is the ten millions digit of 490131405?
9
What is the millions digit of 366040615?
6
What is the hundred millions digit of 3769874606?
7
What is the ten millions digit of 2773808002?
7
What is the thousands digit of 267555662?
5
What is the hundred thousands digit of 38506629?
5
What is the hundreds digit of 369176314?
3
What is the ten thousands digit of 827415955?
1
What is the ten millions digit of 151678905?
5
What is the thousands digit of 149826091?
6
What is the units digit of 238302159?
9
What is the thousands digit of 2357788632?
8
What is the tens digit of 3177304644?
4
What is the units digit of 961628696?
6
What is the ten thousands digit of 1864616808?
1
What is the millions digit of 7985424476?
5
What is the tens digit of 57835633?
3
What is the ten thousands digit of 1084281900?
8
What is the hundred thousands digit of 47455917?
4
What is the ten millions digit of 455171057?
5
What is the tens digit of 2200945636?
3
What is the tens digit of 21164342?
4
What is the hundred thousands digit of 6280323?
2
What is the thousands digit of 133438317?
8
What is the millions digit of 205914564?
5
What is the thousands digit of 770424383?
4
What is the tens digit of 870632620?
2
What is the ten thousands digit of 572151?
7
What is the hundreds digit of 734847332?
3
What is the hundred millions digit of